73. Let n = -2 + -47. Let o = m + n. Is o a prime number?
True
Let x be (-12)/18*-3*5. Let h be 996/x - (-6)/15. Is -478*(h/8)/(-5) a composite number?
True
Suppose 30*o - 31318 = 16*o. Is o a composite number?
False
Let r = 852 - 149. Is r a composite number?
True
Let j be (-14)/(-42) - 17/(-3). Let a be ((-22)/j - -4)*-9. Is (-14)/(-4)*(a + 125) a composite number?
True
Let y = 3 + 0. Suppose 5*g - 3*v - 125 = -v, 0 = -2*g - y*v + 31. Let m = g - -54. Is m composite?
True
Is (74/6)/((-371618)/28587 - -13) composite?
True
Let i be (7/2)/((-2)/(-10864)). Let u(m) = -m**3 + 27*m**2 - m + 29. Let y be u(27). Is y/((-7)/(i/(-8))) a prime number?
False
Let o = -8966 + 14863. Is o prime?
True
Is 39/(-6)*(-7138 + (-4)/1) composite?
True
Let b(l) = 134*l**2 + 6*l - 7. Let c be 2/(-7) + (-60)/(-14). Let x be b(c). Suppose -5*s - 2*r - r + x = 0, -10 = -5*r. Is s prime?
True
Let a(l) = -2*l + l**3 - 5*l**2 - 3*l - 2*l**2 + 12 - 2. Is a(9) prime?
True
Suppose -2*d - 4 = 0, 2*f - 1 = 3*d + 9. Suppose -u + 3*u = -3*c + 496, -f*u + 164 = c. Is c prime?
False
Let n be 1 - (204 + 2 - -2). Let l = n - -290. Let h = l - 52. Is h prime?
True
Let r(d) = -d**3 - 12*d**2 - 12*d - 10. Let i be r(-11). Is 8250/9 - i/(-3) a prime number?
False
Let d = -43 + 55. Is (3637/3)/(((-16)/(-4))/d) composite?
False
Suppose -c + 2647 = -4862. Is c composite?
True
Let d = -83 - -120. Is (0 + d)*1 - (5 + -3) a composite number?
True
Let j(s) = s**2 + 10*s - 9. Let a be j(-12). Suppose 1 = -t, 4*y + t - 4*t - a = 0. Is ((-212)/12)/((-1)/y) a composite number?
False
Let g = -1349 + 1386. Is g a prime number?
True
Let u(l) be the first derivative of -36*l**4 - l**2/2 - 3*l - 5. Is u(-2) composite?
False
Let c(l) = -105*l + 1. Suppose 5 = -2*f + 3. Let w be c(f). Let a = -27 + w. Is a a prime number?
True
Let z(d) = 30*d**3 + 5*d**2 + 16*d + 9. Is z(8) composite?
False
Is ((-2)/4)/(40/240) - -17732 composite?
False
Suppose 0 = -16*g + 17339 + 26213. Is g a prime number?
False
Let j = 21 - 14. Let y(x) = -13*x - 1. Let b be y(j). Let p = b + 279. Is p a prime number?
False
Let j be 4643 + ((-4)/3 - (-4)/12). Let c = -2969 + j. Is c prime?
False
Let i(s) = s**2 - 2. Let p be i(2). Suppose 5*b - p*m = 187 - 66, 5*m = 10. Is b a composite number?
True
Let x = 2480 - 1525. Is x composite?
True
Let m(x) = 3*x + 5. Let j be m(-4). Suppose 3*c + c + 3*q = 140, -3*c + 105 = -2*q. Is j/c - (-102)/10 prime?
False
Let j = 1469 + -600. Is j prime?
False
Is -6 - (-2)/((-12)/(-9390)) composite?
False
Let b = 27 + -25. Suppose b*z + 1794 = 5900. Is z a prime number?
True
Let i = -4631 + 8680. Is i prime?
True
Let h be ((-6)/3)/((42/9)/7). Is (-2*(-3)/(-6))/(h/2493) a composite number?
True
Let q(w) = 42*w**3 - 17*w**2 - 19*w + 123. Is q(11) composite?
False
Suppose -706*i = -673*i - 199089. Is i prime?
False
Let d(z) = 7*z**3 + 2*z**2 + 16*z - 25. Is d(6) composite?
True
Suppose 10*h = -36*h + 174202. Is h a composite number?
True
Suppose i = -2*j + 15747 + 35036, 2*i = 2. Is j composite?
False
Let l(x) be the second derivative of x**5/10 - x**4/6 + x**3 + x**2/2 + 2*x. Suppose 5*q = j - 31, -3*j - 3*q + 8*q + 43 = 0. Is l(j) composite?
False
Let h be (2 - (3 + -946)) + -1. Let s be ((-26)/(-39))/(4/9834). Let a = s - h. Is a a prime number?
False
Let i(z) = 31*z**2 - 4*z + 42. Is i(5) composite?
False
Suppose -4*k - 4 = -3*c, 0*c - 20 = -4*k - 3*c. Suppose n - 1 - 1 = 0. Suppose -n*p - 279 = -5*m, k*m - p - 167 = -m. Is m composite?
True
Suppose 0 = v - 5*b - 847, -1 = b - 5. Let t = 1666 - v. Is t composite?
True
Let y(i) = 314*i**2 + 15*i + 5. Is y(-4) composite?
False
Let o(q) = 76*q**3 + 2*q**2 + q - 10. Is o(3) a prime number?
True
Let k(x) be the second derivative of -8*x**5/5 - x**4/6 - x**3/6 + 2*x**2 - 2*x. Is k(-3) composite?
False
Let g(d) = d**2 - 21*d - 3. Let q be g(-25). Let w = q + -516. Is w a composite number?
False
Let h = -26 + 14. Let n(v) = 11*v**2 + 28*v - 5. Is n(h) a prime number?
False
Suppose -3*n - 345 = 4*i, -n = -4*n - 3*i - 345. Let f = 257 + n. Is f a composite number?
True
Let m = 1274 + -376. Is m a composite number?
True
Let n(o) = o**3 - 10*o**2 + 6. Let u be n(10). Suppose -u = 2*w - 4*w. Suppose -r = 4*k - 50, 0*r - 106 = -w*r - k. Is r prime?
False
Let t(y) = -3*y**3 - 7*y**2 - 6*y - 11. Let d = 1 + -8. Is t(d) prime?
False
Suppose -2*c - 26 = -4*w, 0*c + 2*w = -4*c - 42. Let l(g) = g**2 - 6*g - 3. Let b be l(13). Let s = c + b. Is s composite?
True
Suppose 5*g = 4*m - 16 + 1, 3 = -g + m. Let u be g + (7 - 3 - 1). Suppose -x + 19 = y - u*x, 5*y = 3*x + 63. Is y a prime number?
False
Let x be -2 - 0 - (3 + -1194). Let r = 833 - 523. Suppose 4*a + 8*j - x = 3*j, 0 = a - 3*j - r. Is a a composite number?
True
Is (5 + -11)*-49 - (3 + 0) prime?
False
Let m(x) = -2. Let t(c) = c - 4. Let b(r) = -5*m(r) + 2*t(r). Let d be b(1). Is -3 - (0 - d) - -266 prime?
False
Suppose -3*n + 12 = -2*l, 0 = -0*l - l + n - 7. Let y = l - -12. Is 328/(3 - -1) - y a prime number?
True
Let w be (-14)/91 + 2143/(-13). Let y = w - -253. Suppose -y = 4*q - 276. Is q composite?
False
Let k(b) = -b - 6. Suppose 2*x = 6*x + 48. Let a be k(x). Suppose -10*q + a*q + 472 = 0. Is q a prime number?
False
Let w(y) = -9*y - 2237. Let a(d) = -4*d - 1118. Let q(j) = -7*a(j) + 3*w(j). Is q(0) a prime number?
False
Let l be -1 - ((-2)/2 + -2). Suppose 5*j - 2 = l*g - 1, g - 2*j = 0. Suppose -5*v + g*p + 619 = -2*p, 2*v - 262 = -2*p. Is v composite?
False
Suppose a = -3*h - 185, 0 = 3*a - 0*a - 3*h + 579. Let j = 294 + a. Is j a prime number?
True
Let y(p) = -p**3 + 8*p**2 - 2*p - 5. Suppose 3*h + h - 4 = 4*i, -2*h + 10 = 2*i. Suppose d - o = 4*d - 16, -h*o = -5*d + 36. Is y(d) a prime number?
False
Let j = 1271 - 392. Let r = j - 590. Is r a prime number?
False
Let m(l) = l**2 + 5*l + 12. Let a be m(-5). Is (6/a)/(2/92) a composite number?
False
Let r(p) = 223*p + 21. Suppose -2*w - w = 2*d - 38, 2*w = 3*d + 34. Is r(w) composite?
True
Suppose -25*w + 32385 + 66190 = 0. Is w prime?
True
Let n = -4 + 2. Let z be -1 - ((-5 - n) + -19). Suppose 4*l = z + 127. Is l a prime number?
True
Suppose 0 = r - 6*r + 15. Suppose 82 = r*u + 31. Let p = 38 - u. Is p a composite number?
True
Let c be 148/(-111) + 14/6 + -1. Suppose c = 2*v - v - 5, -2*y + 251 = 3*v. Is y a prime number?
False
Let q be (0 - -1)*2 - -37. Let i be (84/(-49))/(1/(-168)). Suppose -v - q = -i. Is v prime?
False
Let r = 65 - 67. Is r + 2 - 0 - -479 prime?
True
Let f be (615/(-9))/((-1)/15). Suppose 2*q - 293 = -m, 4*m + q - f = 147. Is m a prime number?
True
Suppose 0 = -3*c + 68201 - 15998. Is c prime?
True
Let i be 17/(2 + (-132)/68). Let a = 471 - i. Let j = 309 - a. Is j a composite number?
False
Let u(t) = -28*t**2 + 1. Let s be u(-1). Let p = 16 + -6. Let g = p - s. Is g a composite number?
False
Suppose 0 = -2*i, -2854 = 5*j - 3*j + 5*i. Let a = 2479 + j. Suppose 0 = -4*k - 0*k + a. Is k a composite number?
False
Suppose -12*t - 6 = -15*t. Suppose 16 = -t*a + 6*a. Suppose -a*o + 727 = -21. Is o a composite number?
True
Suppose 2*f + 3*f - 25 = 0. Let m be f + (-2)/((-2)/(-1)). Is m/(-10) + 1497/5 a prime number?
False
Let u(j) = j**3 - 5*j - 6 - j**2 + 5*j**2 - 3*j**2. Let x be u(-4). Let f = -23 - x. Is f a prime number?
True
Suppose 0 = z - 4*v - 6765, -26*v - 33850 = -5*z - 31*v. Is z prime?
False
Let o(k) = -k + 9. Let s be o(4). Suppose 1989 = 3*p + s*h, -3*h - 2675 = -4*p - 2*h. Suppose 0 = 5*i - 222 - p. Is i a prime number?
False
Let r be 3644/(-10) - (-1 + (-8)/(-5)). Let k = 619 + r. Is k composite?
True
Let z(j) = 2*j - 34*j + 4*j**2 - j**2 + 10 - 2*j**2. Let c be z(13). Let b = c - -724. Is b a prime number?
True
Is (10132/20)/(19/95) prime?
False
Let n = 524 + -473. Is n a composite number?
True
Let z = 3544 - 2075. Is z a prime number?
False
Suppose -15477 + 4690 = -3*y - a, 3*a = 6. Is y a prime number?
False
Let s = -1523 + 5916. Is s composite?
True
Let c(n) = -n**3 + 3*n**2 - n. Let v be c(1). Let u = -6 + v. Is (0 - 191/u)*5 composite?
False
Let h = -2583 + 4556. Is h composite?
False
Let k = -13163 + 118390. Is k prime?
True
Let m(o) = 1146*o**2 - 4*o + 3. Is m(4) a prime number?
False
Let i = -30 + 32. Suppose i*j + 20 = -2*j. Let d(h) = 26*h**2 - h - 2. Is d(j) composite?
False
Let m(n) be the second derivat